(17). Let x(n) = 30*n - 12. Let i(m) = -1. Let k(l) = 18*i(l) - x(l). What is the remainder when k(s) is divided by 5?
4
Let o = 14769 + -14464. What is the remainder when o is divided by 124?
57
Suppose 14*u - 155 - 100 = -3*u. What is the remainder when 105 is divided by u?
0
Suppose 0 = -p + r + 10, 0*p + 3*r = p - 20. Suppose -2*w + 4*w = -p*m, 5*m = 0. Let s(z) = 4*z + 77. Calculate the remainder when s(w) is divided by 13.
12
Suppose 0 = 4*c - 2*w - 120, 4*w - 13 = 3. Let l be (274/6 + 1)*(-9)/(-2). Let k = l - 20. Calculate the remainder when k is divided by c.
30
Let n(h) = h**2 - h. Suppose -q + 4*f - 24 = 0, 4*q + 3*f = -2*f + 9. Calculate the remainder when n(q) is divided by (121 + -13)/6 - 7.
9
Calculate the remainder when (-694)/(-20) - (101/(-303))/(20/18) is divided by 5.
0
Let o = 12841 + -12259. Calculate the remainder when o is divided by 70.
22
Calculate the remainder when ((-232)/5)/((-260)/975) is divided by 146.
28
Let y be 6/(-4) - (22/4 - 12). Let g(s) = s**3 + 3*s - 17. Calculate the remainder when g(y) is divided by 45.
33
Let b(j) = 5*j. Suppose -328 - 379 = -13*z - 213. Calculate the remainder when z is divided by b(2).
8
Let y(k) = k**3 + 37*k**2 - 171*k - 64. What is the remainder when y(-41) is divided by 16?
15
Let g = 17 + -13. Let c = g + 20. What is the remainder when c is divided by ((-144)/28 - -6)*28/3?
0
Let n = -4123 - -4132. Calculate the remainder when 70 is divided by n.
7
Suppose 176 = -4*q - 76. Let y = q - -65. Suppose -3*t = -y - 16. What is the remainder when 22 is divided by t?
4
Let o(b) = b**2 - 3*b + 5. Let p be o(3). Suppose -4*n + 0*n = -4, -2*n + p = -d. What is the remainder when 19 is divided by d*6/(-81) + 215/45?
4
Suppose -27 = -q + 4*h, 5*q + 4*h - 9*h - 90 = 0. Suppose -q = -7*u + 55. Calculate the remainder when 179 is divided by u.
9
Let c(u) = -6*u**2 - 567*u - 1305. Calculate the remainder when c(-92) is divided by (27/2)/(1/2).
21
Let x = 155 + -153. Suppose -3*v = -z - 68, x - 6 = -4*z. Suppose 3*k - k - 266 = 0. What is the remainder when k is divided by v?
18
Suppose -5*b - 4*l + 88 = 0, b - 9*l = -6*l + 29. Calculate the remainder when 192 is divided by b.
12
Let d = -273 + 293. Calculate the remainder when 93*8/d*20/6 is divided by 14.
12
Suppose -o = -5*o + 4. Suppose 5*h = k - 35, -46*k + 49*k - 45 = 3*h. What is the remainder when k*(2/(-5))/(4 + -6) is divided by o?
0
Let p(m) = m**2 + 4*m + 8. Let i be ((-6)/12)/(27/(-14) - -2). Calculate the remainder when (i/(-2) - 4)*-158 is divided by p(-6).
19
Suppose -5*x = 4*x - 18. Suppose 3*i = 2*b - i + 2, 4*b - 5*i - x = 0. Calculate the remainder when 31 is divided by b.
1
Suppose 122 + 335 = 5*r - 628. Calculate the remainder when r is divided by 72.
1
Let m = 54 + -10. Suppose 3*u - o - m = 0, u + 2*o - 22 = 6*o. Calculate the remainder when 110 is divided by u.
12
Let z(n) = 1. Let s(i) = -2*i - 27. Let y(m) = -s(m) - 6*z(m). Let a be y(-10). Calculate the remainder when 102 is divided by 7/(-3 + a - -3).
4
Let f be (2/(-3))/(-5 - (-3702)/738). Let v = -2 - f. What is the remainder when v is divided by 8?
7
Suppose u = m - 43, m + 9 + 140 = -3*u. Let t = u + 237. What is the remainder when t is divided by 36 - 12/9*3?
29
Let v = 23 + -21. Suppose v*q + 5*x = 163, 2*q = 8*x - 3*x + 153. Suppose 5*y + 3*d = 11 + q, -4*d + 20 = 0. What is the remainder when 74 is divided by y?
14
Let m be (1/(-3))/((-6232)/2076 - -3). Let h = -161 + m. What is the remainder when 67 is divided by h?
7
Let d = 12551 + -11985. What is the remainder when d is divided by 10?
6
Let j = -3752 - -3800. Calculate the remainder when 91 is divided by j.
43
Suppose -2*x + 43564 = 43508. What is the remainder when 531 is divided by x?
27
Let a(c) = -2*c + 9. Let i be a(6). Let k be 100/(-75) + 556/12. What is the remainder when 71 is divided by 2/i*k/(-2)?
11
Suppose 5 = -5*h, -z = 2*h - 39 - 11. Suppose -2*o = -5*j - 5*o + 269, -2*j = 2*o - 110. Suppose v - 70 + j = 0. Calculate the remainder when z is divided by v.
16
Suppose -24*i + 3795 = 45*i. What is the remainder when 142 is divided by i?
32
Let y = 563 + -207. What is the remainder when y is divided by 123?
110
Let r(c) = 7*c**2 + 3*c - 5. Let f be 104/78*(-6)/(-4). Let t(m) = -m**3 + 25*m**2 - 23*m - 9. Calculate the remainder when r(f) is divided by t(24).
14
Suppose 4*y - 10*y - y + 2240 = 0. What is the remainder when y is divided by 199?
121
Suppose -72 = -4*t + 1376. What is the remainder when t is divided by ((-124)/310)/(2/(-65))?
11
What is the remainder when 20653 is divided by 32/(-464) + (-28196)/(-116)?
241
Calculate the remainder when (-4688)/(-879) + (-1624)/(-6) is divided by 139.
137
Suppose 63*l = 58*l + 10. Suppose 4*u + 2*h - 710 = 0, 4*u + l*h - 716 = 6*h. Calculate the remainder when u is divided by 25.
3
Suppose 1668 = 113*i - 705. What is the remainder when (-1 + 0)*-1 + 115 is divided by i?
11
Let t = -163 - -163. Suppose -14*y + 161 + 329 = t. What is the remainder when 104 is divided by y?
34
What is the remainder when 10526/7 - 8*17/(-476) is divided by 108?
100
Let i = -16658 + 16684. Let o = 120 - 71. What is the remainder when o is divided by i?
23
Let c = 10 - -2. Suppose -c = -5*d + 73. Let x = -39681 - -39737. Calculate the remainder when x is divided by d.
5
Suppose 4*w - 49 = -b, 4*w - 41 - 60 = -5*b. Let g(h) = -h**2 - 9*h + 9. What is the remainder when g(-7) is divided by b?
10
Let v(k) = -4*k - 64. Let i be v(-16). Suppose 134 = 2*g - 3*b, 0 = 2*b - 8 - i. Let z = g - 51. What is the remainder when 85 is divided by z?
19
Suppose -777*s - 280 = -782*s - 4*v, 4*s = v + 245. Calculate the remainder when 156 is divided by s.
36
Calculate the remainder when 233 is divided by ((-1 - 2)*1/(-3))/(134/24254).
52
Let o(i) = 54*i**2 - 218*i + 10. Calculate the remainder when 1148 is divided by o(4).
0
Let t(g) = -25*g + 196. Let m be t(6). Suppose 35*h - m*h = -5500. Calculate the remainder when h is divided by 101.
96
Suppose 296*r - 301*r = -200. What is the remainder when 679 is divided by r?
39
Suppose 2*x = -b + 3*x - 2, 3*b + 2*x - 9 = 0. Let f(n) = 92*n**3 - 2*n**2 + n + 1. Calculate the remainder when f(b) is divided by 1 + (-448)/(-15) - (-2)/15.
30
Let g = 104 - 25. Suppose 230 = 4*o + 5*c, -3*o + 74 + 102 = 2*c. Let p = g - o. What is the remainder when 92 is divided by p?
16
Suppose -11*z - 214 = -214. Suppose z = -6*v + 10*v + 5*y - 100, -108 = -5*v - 2*y. What is the remainder when v is divided by 10?
0
Suppose t = -4*s + 5306, s - 4*t = -8*t + 1349. Calculate the remainder when s is divided by 132.
5
Suppose -x + 23 - 8 = -5*o, -2*x - 3*o - 22 = 0. What is the remainder when 30 is divided by (-20)/((-4)/1) - (1 + x)?
3
Suppose 53*s + 659 = 55*s - 265. Calculate the remainder when s is divided by 187.
88
Suppose 27 + 5 = 16*m. Suppose -5*f - 40 = -5*b + 40, 0 = -2*b + 4*f + 38. What is the remainder when b is divided by 4*(25/10 - m)*1?
1
Let n(y) = 6*y**3 - 2*y + 1. Let m = 171 - 172. Calculate the remainder when m/(((-25)/35)/5) is divided by n(1).
2
Let s(t) = -t**3 + 2*t + 9. Suppose -2*g + 145 = -b - 67, -424 = -4*g + b. What is the remainder when g is divided by s(0)?
7
Suppose -10*o + p = -7*o - 63, 0 = -5*o - 3*p + 105. Suppose -j = 3*j + 88. Calculate the remainder when 123/2 - (-33)/j is divided by o.
18
Suppose -11*c + 161 = -4. What is the remainder when ((-85)/c + 1)*-6 is divided by 5?
3
Calculate the remainder when 1940 is divided by (6/(-9))/(16/(-7800)).
315
Let l(n) = -n**2 - 8*n + 93. Suppose -1513 = 5*c - 1658. What is the remainder when c is divided by l(-14)?
2
Let k(m) = -3*m**2 - m**3 + 1393*m + 16*m**2 - 1398*m + 10. What is the remainder when k(10) is divided by 9?
8
Let h = -49 - -80. Suppose -r + l = -h, 0 = 3*l - 1 - 5. Calculate the remainder when (3*-1)/((-6)/124) is divided by r.
29
Suppose 4*r = 5*r + 22. Let i = 6 + r. Calculate the remainder when (140/6)/(i/(-72)) is divided by 27.
24
Suppose -2*u - 2*k + 774 = 0, k = 3*u + 186 - 1331. Calculate the remainder when u is divided by 28.
19
Let u = 289 + -223. Let i(g) = g**2 + 10*g + 13. What is the remainder when u is divided by i(-9)?
2
Let o(l) = l**3 - 25*l**2 - l + 30. Let a be o(25). Suppose a*b - 60 = 20. Calculate the remainder when 110/((-4)/(-10) + b/10) 